{"id":6936,"date":"2015-11-25T19:28:07","date_gmt":"2015-11-25T17:28:07","guid":{"rendered":"https:\/\/www.fontionnel.sk\/?page_id=6936"},"modified":"2017-02-14T11:41:13","modified_gmt":"2017-02-14T09:41:13","slug":"virtualne-sidlo-v-madarsku","status":"publish","type":"page","link":"https:\/\/www.fontionnel.sk\/cz\/virtualni-sidlo-v-madarsku\/","title":{"rendered":"Virtu\u00e1ln\u00ed s\u00eddlo v Ma\u010farsku"},"content":{"rendered":"<p><\/p>\n<h2>Registra\u010dn\u00ed s\u00eddlo \u2013 Ma\u010farsko<\/h2>\n<p>Virtu\u00e1ln\u00ed s\u00eddlo spole\u010dnosti slou\u017e\u00ed k poskytnut\u00ed registra\u010dn\u00edho s\u00eddla v Ma\u010farsku, pro \u00fa\u010dely z\u00e1pisu spole\u010dnosti do obchodn\u00edho rejst\u0159\u00edku a na delegov\u00e1n\u00ed administrativn\u00edch \u00fakon\u016f souvisej\u00edc\u00edch s plynul\u00fdm chodem kancel\u00e1\u0159e. Registra\u010dn\u00ed s\u00eddlo firmy V\u00e1m zajist\u00ed leg\u00e1ln\u011b us\u00eddlen\u00ed Va\u0161\u00ed spole\u010dnosti a nikdo nemus\u00ed v\u011bd\u011bt, \u017ee ve skute\u010dnosti nevlastn\u00edte vlastn\u00ed kancel\u00e1\u0159. Krom\u011b registra\u010dn\u00edho s\u00eddla m\u016f\u017eete vyu\u017e\u00edt i p\u0159eb\u00edr\u00e1n\u00ed korespondence ji\u017e od 50 \u20ac \/ m\u011bs\u00ed\u010dn\u011b.<\/p>\n<h3>Registra\u010dn\u00ed s\u00eddlo firmy doporu\u010dujeme zejm\u00e9na pro klienty, kte\u0159\u00ed:<\/h3>\n<div><\/p>\n<ul class=\"card-list\">\n<li>maj\u00ed z\u00e1jem o s\u00eddlo spole\u010dnosti um\u00edst\u011bn\u00e9 v presti\u017en\u00ed lokalit\u011b;<\/li>\n<li>maj\u00ed z\u00e1jem sn\u00ed\u017eit n\u00e1klady na pron\u00e1jem kancel\u00e1\u0159e (ji\u017e od 50 \u20ac \/ m\u011bs\u00ed\u010dn\u011b);<\/li>\n<li>maj\u00ed z\u00e1jem o p\u0159eb\u00edr\u00e1n\u00ed po\u0161ty, zas\u00edl\u00e1n\u00ed po\u0161ty a ozn\u00e1men\u00ed o p\u0159ijat\u00e9 po\u0161t\u011b.<\/li>\n<\/ul>\n<p><\/div>\n<h3>Virtu\u00e1ln\u00ed s\u00eddlo v Ma\u010farsku m\u016f\u017eete vyu\u017e\u00edt na n\u00e1sleduj\u00edc\u00edch adres\u00e1ch<\/h3>\n<p>&nbsp;<\/p>\n<table class=\"NicerTable\" style=\"width: 100%;\" cellspacing=\"0\" cellpadding=\"0\">\n<tbody>\n<tr>\n<td>Kom\u00e1rom<\/td>\n<td>50 \u20ac \/ m\u011bs\u00ed\u010dn\u011b<\/td>\n<\/tr>\n<\/tbody>\n<\/table>\n<p>*platba se ukuto\u010d\u0148uje na 12 m\u011bs\u00edc\u016f p\u0159edem<\/p>","protected":false},"excerpt":{"rendered":"<p>Registra\u010dn\u00ed s\u00eddlo \u2013 Ma\u010farsko Virtu\u00e1ln\u00ed s\u00eddlo spole\u010dnosti slou\u017e\u00ed k poskytnut\u00ed registra\u010dn\u00edho s\u00eddla v Ma\u010farsku, pro \u00fa\u010dely z\u00e1pisu spole\u010dnosti do obchodn\u00edho&#8230;<\/p>\n","protected":false},"author":2,"featured_media":7121,"parent":0,"menu_order":0,"comment_status":"closed","ping_status":"closed","template":"sluzby.php","meta":{"footnotes":""},"class_list":["post-6936","page","type-page","status-publish","has-post-thumbnail","hentry"],"aioseo_notices":[],"_links":{"self":[{"href":"https:\/\/www.fontionnel.sk\/cz\/wp-json\/wp\/v2\/pages\/6936","targetHints":{"allow":["GET"]}}],"collection":[{"href":"https:\/\/www.fontionnel.sk\/cz\/wp-json\/wp\/v2\/pages"}],"about":[{"href":"https:\/\/www.fontionnel.sk\/cz\/wp-json\/wp\/v2\/types\/page"}],"author":[{"embeddable":true,"href":"https:\/\/www.fontionnel.sk\/cz\/wp-json\/wp\/v2\/users\/2"}],"replies":[{"embeddable":true,"href":"https:\/\/www.fontionnel.sk\/cz\/wp-json\/wp\/v2\/comments?post=6936"}],"version-history":[{"count":3,"href":"https:\/\/www.fontionnel.sk\/cz\/wp-json\/wp\/v2\/pages\/6936\/revisions"}],"predecessor-version":[{"id":9428,"href":"https:\/\/www.fontionnel.sk\/cz\/wp-json\/wp\/v2\/pages\/6936\/revisions\/9428"}],"wp:featuredmedia":[{"embeddable":true,"href":"https:\/\/www.fontionnel.sk\/cz\/wp-json\/wp\/v2\/media\/7121"}],"wp:attachment":[{"href":"https:\/\/www.fontionnel.sk\/cz\/wp-json\/wp\/v2\/media?parent=6936"}],"curies":[{"name":"wp","href":"https:\/\/api.w.org\/{rel}","templated":true}]}}

Virtuální sídlo v Maďarsku

<p></p>
<h2>Registrační sídlo – Maďarsko</h2>
<p>Virtuální sídlo společnosti slouží k poskytnutí registračního sídla v Maďarsku, pro účely zápisu společnosti do obchodního rejstříku a na delegování administrativních úkonů souvisejících s plynulým chodem kanceláře. Registrační sídlo firmy Vám zajistí legálně usídlení Vaší společnosti a nikdo nemusí vědět, že ve skutečnosti nevlastníte vlastní kancelář. Kromě registračního sídla můžete využít i přebírání korespondence již od 50 € / měsíčně.</p>
<h3>Registrační sídlo firmy doporučujeme zejména pro klienty, kteří:</h3>
<div></p>
<ul class="card-list">
<li>mají zájem o sídlo společnosti umístěné v prestižní lokalitě;</li>
<li>mají zájem snížit náklady na pronájem kanceláře (již od 50 € / měsíčně);</li>
<li>mají zájem o přebírání pošty, zasílání pošty a oznámení o přijaté poště.</li>
</ul>
<p></div>
<h3>Virtuální sídlo v Maďarsku můžete využít na následujících adresách</h3>
<p>&nbsp;</p>
<table class="NicerTable" style="width: 100%;" cellspacing="0" cellpadding="0">
<tbody>
<tr>
<td>Komárom</td>
<td>50 € / měsíčně</td>
</tr>
</tbody>
</table>
<p>*platba se ukutočňuje na 12 měsíců předem</p>

<p>Registrační sídlo – Maďarsko Virtuální sídlo společnosti slouží k poskytnutí registračního sídla v Maďarsku, pro účely zápisu společnosti do obchodního&#8230;</p>
