{"id":107,"date":"2011-06-16T08:04:58","date_gmt":"2011-06-16T08:04:58","guid":{"rendered":"http:\/\/www.fontionnel.sk\/?page_id=107"},"modified":"2016-06-09T14:27:48","modified_gmt":"2016-06-09T12:27:48","slug":"vedenie-uctovnictva-uctovne-uctovnicke-sluzby","status":"publish","type":"page","link":"https:\/\/www.fontionnel.sk\/hu\/konyveles\/","title":{"rendered":"K\u00f6nyvel\u00e9s"},"content":{"rendered":"<p><\/p>\n<h2>Sz\u00e1mviteli szolg\u00e1ltat\u00e1sok<\/h2>\n<p>Sz\u00e1mviteli szolg\u00e1ltat\u00e1sainkat, ad\u00f3tan\u00e1csad\u00e1st a Szlov\u00e1k K\u00f6zt\u00e1rsas\u00e1g, a Cseh K\u00f6zt\u00e1rsas\u00e1g \u00e9s Magyarorsz\u00e1g eg\u00e9sz ter\u00fclet\u00e9n ny\u00fajtjuk. A c\u00e9g\u00fcnk hosszantart\u00f3 tev\u00e9kenys\u00e9ge r\u00e9v\u00e9n k\u00e9pesek vagyunk megfelelni az \u00fcgyfeleknek a v\u00e1llalkoz\u00e1s k\u00fcl\u00f6nb\u00f6z\u0151 ter\u00fclet\u00e9r\u0151l sz\u00e1rmaz\u00f3 sz\u00e9lesk\u00f6r\u0171 ig\u00e9nyeinek. A FONTIONNEL t\u00e1rsas\u00e1g sz\u00e1mviteli szolg\u00e1ltat\u00e1s\u00e1t f\u0151k\u00e9nt mag\u00e1nv\u00e1llalkoz\u00f3k, kis- \u00e9s k\u00f6z\u00e9pv\u00e1llalkoz\u00e1sok, kisebb \u00e9s nagyobb gy\u00e1rt\u00f3, fuvaroz\u00f3, \u00e9p\u00edt\u00e9szeti, gy\u00f3gy\u00e1szati \u00e9s IT t\u00e1rsas\u00e1gok veszik ig\u00e9nybe.<\/p>\n<h3>Mi\u00e9rt a FONTIONNEL t\u00e1rsas\u00e1g sz\u00e1mviteli szolg\u00e1ltat\u00e1s\u00e1t v\u00e1lassza?<\/h3>\n<p>A csapatunk 14-tag\u00fa bels\u0151 szem\u00e9lyzetb\u0151l \u00e1ll, akik a k\u00f6zgazdas\u00e1gtanra, ad\u00f3kra \u00e9s a jogra szakosodtak. Garant\u00e1ljuk a szolg\u00e1ltat\u00e1saink min\u0151s\u00e9g\u00e9t. \u00c9ppen ez\u00e9rt a sz\u00e1mviteli szolg\u00e1ltat\u00e1sokat szerz\u0151d\u00e9ses alapon v\u00e9gezz\u00fck. Az \u00fcgyfeleknek id\u0151k\u00f6zi jelent\u00e9seket k\u00fcld\u00fcnk a k\u00f6lts\u00e9geket, kiad\u00e1sokat \u00e9s az ad\u00f3k\u00f6telezetts\u00e9geket illet\u0151en. Hangs\u00falyt fektet\u00fcnk a hat\u00e1rid\u0151k betart\u00e1s\u00e1ra, \u00e9s rendelkez\u00fcnk szakmai felel\u0151ss\u00e9gbiztos\u00edt\u00e1ssal, amelyet a c\u00e9gt\u00f6rt\u00e9net\u00fcnk teljes ideje alatt m\u00e9g egyszer sem kellett felhaszn\u00e1lnunk.<\/p>\n<h3>Sz\u00e1mviteli szolg\u00e1ltat\u00e1sok, amelyeket elv\u00e9gz\u00fcnk \u00d6n helyett:<\/h3>\n<p><span style=\"font-size: 13px;\"><div><\/span><\/p>\n<ul class=\"card-list\">\n<li>egyszeres \u00e9s kett\u0151s k\u00f6nyvvitelt\u0151l kezdve eg\u00e9szen az ad\u00f3bevall\u00e1sok beny\u00fajt\u00e1s\u00e1ig term\u00e9szetes \u00e9s jogi szem\u00e9lyek sz\u00e1m\u00e1ra;<\/li>\n<li>az eg\u00e9szs\u00e9g\u00fcgyi biztos\u00edt\u00e1s \u00e9vi z\u00e1rsz\u00e1mad\u00e1sa;<\/li>\n<li>a teljes b\u00e9rsz\u00e1mfejt\u00e9si \u00e9s szem\u00e9lyzeti adminisztr\u00e1ci\u00f3 elv\u00e9gz\u00e9se;<\/li>\n<li>az \u00fcgyfelek k\u00e9pviselete az ad\u00f3hat\u00f3s\u00e1g \u00e9s a biztos\u00edt\u00f3 el\u0151tt;<\/li>\n<li>munkav\u00e9gz\u00e9s k\u00f6zvetlen\u00fcl a c\u00e9gben, vagy k\u00fcls\u0151sk\u00e9nt;<\/li>\n<li>a posta, sz\u00e1ml\u00e1k, kimutat\u00e1sok elektronikus k\u00fcld\u00e9se;<\/li>\n<li>a Pohoda sz\u00e1mviteli szoftver haszn\u00e1lata;<\/li>\n<li>ad\u00f3bevall\u00e1s \u00c1FA fizet\u00e9s c\u00e9lj\u00e1b\u00f3l;<\/li>\n<li>ad\u00f3bevall\u00e1s jogi szem\u00e9lyek j\u00f6vedelemad\u00f3j\u00e1hoz;<\/li>\n<li>ad\u00f3bevall\u00e1s term\u00e9szetes szem\u00e9lyek j\u00f6vedelemad\u00f3j\u00e1hoz;<\/li>\n<li>ad\u00f3bevall\u00e1s az alkalmazottak j\u00f6vedelemad\u00f3j\u00e1hoz;<\/li>\n<li>ad\u00f3bevall\u00e1s a helyi ad\u00f3fizet\u00e9shez \/ ingatlanad\u00f3 fizet\u00e9s c\u00e9lj\u00e1b\u00f3l;<\/li>\n<li>ad\u00f3bevall\u00e1s j\u00f6ved\u00e9ki ad\u00f3 fizet\u00e9s c\u00e9lj\u00e1b\u00f3l;<\/li>\n<li>j\u00e1rul\u00e9kfizet\u00e9si k\u00f6tlezetts\u00e9g;<\/li>\n<li>\u00c1FA-visszat\u00e9r\u00edt\u00e9s;<\/li>\n<li>transzfer\u00e1raz\u00e1s;<\/li>\n<li>intrastat, \u00f6sszefoglal\u00f3 kimutat\u00e1s;<\/li>\n<li>sz\u00e1mvitel polg\u00e1ri t\u00e1rsul\u00e1sok \u00e9s alap\u00edtv\u00e1nyok r\u00e9sz\u00e9re.<\/li>\n<\/ul>\n<p><\/div><\/p>","protected":false},"excerpt":{"rendered":"<p>Sz\u00e1mviteli szolg\u00e1ltat\u00e1sok Sz\u00e1mviteli szolg\u00e1ltat\u00e1sainkat, ad\u00f3tan\u00e1csad\u00e1st a Szlov\u00e1k K\u00f6zt\u00e1rsas\u00e1g, a Cseh K\u00f6zt\u00e1rsas\u00e1g \u00e9s Magyarorsz\u00e1g eg\u00e9sz ter\u00fclet\u00e9n ny\u00fajtjuk. A c\u00e9g\u00fcnk hosszantart\u00f3 tev\u00e9kenys\u00e9ge&#8230;<\/p>\n","protected":false},"author":2,"featured_media":7723,"parent":0,"menu_order":0,"comment_status":"closed","ping_status":"closed","template":"sluzby.php","meta":{"footnotes":""},"class_list":["post-107","page","type-page","status-publish","has-post-thumbnail","hentry"],"aioseo_notices":[],"_links":{"self":[{"href":"https:\/\/www.fontionnel.sk\/hu\/wp-json\/wp\/v2\/pages\/107","targetHints":{"allow":["GET"]}}],"collection":[{"href":"https:\/\/www.fontionnel.sk\/hu\/wp-json\/wp\/v2\/pages"}],"about":[{"href":"https:\/\/www.fontionnel.sk\/hu\/wp-json\/wp\/v2\/types\/page"}],"author":[{"embeddable":true,"href":"https:\/\/www.fontionnel.sk\/hu\/wp-json\/wp\/v2\/users\/2"}],"replies":[{"embeddable":true,"href":"https:\/\/www.fontionnel.sk\/hu\/wp-json\/wp\/v2\/comments?post=107"}],"version-history":[{"count":51,"href":"https:\/\/www.fontionnel.sk\/hu\/wp-json\/wp\/v2\/pages\/107\/revisions"}],"predecessor-version":[{"id":8987,"href":"https:\/\/www.fontionnel.sk\/hu\/wp-json\/wp\/v2\/pages\/107\/revisions\/8987"}],"wp:featuredmedia":[{"embeddable":true,"href":"https:\/\/www.fontionnel.sk\/hu\/wp-json\/wp\/v2\/media\/7723"}],"wp:attachment":[{"href":"https:\/\/www.fontionnel.sk\/hu\/wp-json\/wp\/v2\/media?parent=107"}],"curies":[{"name":"wp","href":"https:\/\/api.w.org\/{rel}","templated":true}]}}

Könyvelés

<p></p>
<h2>Számviteli szolgáltatások</h2>
<p>Számviteli szolgáltatásainkat, adótanácsadást a Szlovák Köztársaság, a Cseh Köztársaság és Magyarország egész területén nyújtjuk. A cégünk hosszantartó tevékenysége révén képesek vagyunk megfelelni az ügyfeleknek a vállalkozás különböző területéről származó széleskörű igényeinek. A FONTIONNEL társaság számviteli szolgáltatását főként magánvállalkozók, kis- és középvállalkozások, kisebb és nagyobb gyártó, fuvarozó, építészeti, gyógyászati és IT társaságok veszik igénybe.</p>
<h3>Miért a FONTIONNEL társaság számviteli szolgáltatását válassza?</h3>
<p>A csapatunk 14-tagú belső személyzetből áll, akik a közgazdaságtanra, adókra és a jogra szakosodtak. Garantáljuk a szolgáltatásaink minőségét. Éppen ezért a számviteli szolgáltatásokat szerződéses alapon végezzük. Az ügyfeleknek időközi jelentéseket küldünk a költségeket, kiadásokat és az adókötelezettségeket illetően. Hangsúlyt fektetünk a határidők betartására, és rendelkezünk szakmai felelősségbiztosítással, amelyet a cégtörténetünk teljes ideje alatt még egyszer sem kellett felhasználnunk.</p>
<h3>Számviteli szolgáltatások, amelyeket elvégzünk Ön helyett:</h3>
<p><span style="font-size: 13px;"><div></span></p>
<ul class="card-list">
<li>egyszeres és kettős könyvviteltől kezdve egészen az adóbevallások benyújtásáig természetes és jogi személyek számára;</li>
<li>az egészségügyi biztosítás évi zárszámadása;</li>
<li>a teljes bérszámfejtési és személyzeti adminisztráció elvégzése;</li>
<li>az ügyfelek képviselete az adóhatóság és a biztosító előtt;</li>
<li>munkavégzés közvetlenül a cégben, vagy külsősként;</li>
<li>a posta, számlák, kimutatások elektronikus küldése;</li>
<li>a Pohoda számviteli szoftver használata;</li>
<li>adóbevallás ÁFA fizetés céljából;</li>
<li>adóbevallás jogi személyek jövedelemadójához;</li>
<li>adóbevallás természetes személyek jövedelemadójához;</li>
<li>adóbevallás az alkalmazottak jövedelemadójához;</li>
<li>adóbevallás a helyi adófizetéshez / ingatlanadó fizetés céljából;</li>
<li>adóbevallás jövedéki adó fizetés céljából;</li>
<li>járulékfizetési kötlezettség;</li>
<li>ÁFA-visszatérítés;</li>
<li>transzferárazás;</li>
<li>intrastat, összefoglaló kimutatás;</li>
<li>számvitel polgári társulások és alapítványok részére.</li>
</ul>
<p></div></p>

<p>Számviteli szolgáltatások Számviteli szolgáltatásainkat, adótanácsadást a Szlovák Köztársaság, a Cseh Köztársaság és Magyarország egész területén nyújtjuk. A cégünk hosszantartó tevékenysége&#8230;</p>
