{"id":3339,"date":"2013-07-07T16:16:38","date_gmt":"2013-07-07T16:16:38","guid":{"rendered":"http:\/\/www.fontionnel.sk\/?page_id=3339"},"modified":"2016-07-16T22:47:23","modified_gmt":"2016-07-16T20:47:23","slug":"registracia-pre-dan-z-pridanej-hodnoty-dph","status":"publish","type":"page","link":"https:\/\/www.fontionnel.sk\/hu\/altalanos-forgalmi-ado-regisztracio-afa\/","title":{"rendered":"\u00c1ltal\u00e1nos forgalmi ad\u00f3 regisztr\u00e1ci\u00f3 \u2013 \u00c1FA"},"content":{"rendered":"<p><\/p>\n<h2><strong>\u00c1ltal\u00e1nos forgalmi ad\u00f3 regisztr\u00e1ci\u00f3 \u2013\u00c1FA<\/strong><\/h2>\n<p style=\"text-align: justify;\">Amennyiben k\u00fclf\u00f6ld\u00f6n is szeretne v\u00e1llalkozni vagy egyszer\u0171en az \u00d6n partnerei k\u00f6lcs\u00f6n\u00f6s egy\u00fcttm\u0171k\u00f6d\u00e9st szeretn\u00e9nek \u00e1fa-fizet\u0151 c\u00e9ggel, a legjobb megold\u00e1s az \u00f6nk\u00e9ntes \u00e1fa-fizet\u00e9sre val\u00f3 regisztr\u00e1ci\u00f3. A jelenlegi szlov\u00e1k t\u00f6rv\u00e9nyek ezt az \u00fcgyletet megnehez\u00edtik azzal, hogy ilyen esetekben biztos\u00edt\u00e9kot k\u00e9rnek vagy rosszabb esetben elutas\u00edtj\u00e1k a k\u00e9relmet. C\u00e9g\u00fcnk megold\u00e1st ny\u00fajt arra, hogy az \u00e1fa regisztr\u00e1ci\u00f3 sikeresen lebonyol\u00f3djon, adott esetben a lehet\u0151 legalacsonyabb \u00f6sszeg\u0171 <b>biztos\u00edt\u00e9k <\/b>kifizet\u00e9se mellett. A \u00e1ltal\u00e1nos forgalmi ad\u00f3 regisztr\u00e1ci\u00f3t szem\u00e9lyre szabottan int\u00e9zz\u00fck, \u00fagy, hogy pozit\u00edv eredm\u00e9nyt \u00e9rhess\u00fcnk el. A <b>v\u00e1llalkoz\u00f3i tan\u00e1csad\u00e1s <\/b>a szakszer\u0171 konzult\u00e1ci\u00f3n k\u00edv\u00fcl a sz\u00fcks\u00e9ges okiratok elk\u00e9sz\u00edt\u00e9s\u00e9t is mag\u00e1ba foglalja. A szolg\u00e1ltat\u00e1s \u00e1ra 199,- eur\u00f3, amely\u00e9rt cser\u00e9be \u00fcgyint\u00e9z\u00e9st biztos\u00edtunk a bonyolult b\u00fcrokratikus folyamatokban.<\/p>\n<div>\n<p><strong>\u00c1fa regisztr\u00e1ci\u00f3 l\u00e9p\u00e9sei:<\/strong><\/p>\n<ol>\n<li>Szaktan\u00e1csad\u00e1s, amely a v\u00e1llalkoz\u00e1s\u00e1t \u00e9rint\u0151 bevezet\u0151 konzult\u00e1ci\u00f3t is tartalmazza, valamint az azt k\u00f6vet\u0151 \u00e1fa regisztr\u00e1ci\u00f3 l\u00e9p\u00e9seinek meghat\u00e1roz\u00e1sa.<\/li>\n<li>K\u00e9rv\u00e9nyek, \u0171rlapok, \u00e9s egy\u00e9b mell\u00e9kletek elk\u00e9sz\u00edt\u00e9se, amelyek a sikeres regisztr\u00e1ci\u00f3 alapj\u00e1t k\u00e9pezik, valamint az ad\u00f3hivataln\u00e1l a biztos\u00edt\u00e9k \u00f6sszeg\u00e9nek cs\u00f6kkent\u00e9s\u00e9hez sz\u00fcks\u00e9gesek.<\/li>\n<li>K\u00e9rv\u00e9nyek beny\u00fajt\u00e1sa \u00e9s konzult\u00e1ci\u00f3 az illet\u00e9kes ad\u00f3hivatallal az \u00fcgyf\u00e9l nev\u00e9ben, c\u00e9g\u00fcnk alkalmazottai meg\u00e1llapodnak egy id\u0151pontban a helysz\u00edni ellen\u0151rz\u00e9s elv\u00e9gz\u00e9s\u00e9re, amelyet az ad\u00f3hivatal adott esetben k\u00f6telez\u0151v\u00e9 tehet.<\/li>\n<li>Az ad\u00f3hivataln\u00e1l k\u00e9rv\u00e9nyek elint\u00e9z\u00e9se, <b>biztos\u00edt\u00e9k kirov\u00e1sa vagy elenged\u00e9se<\/b>, ezt k\u00f6vet\u0151en az \u00e1ltal\u00e1nos forgalmi ad\u00f3 regisztr\u00e1ci\u00f3r\u00f3l kiadott igazol\u00e1s \u00e1tv\u00e9tele.<\/li>\n<\/ol>\n<p><span style=\"text-align: justify;\"><\/div><\/span><\/p>\n<p>&nbsp;<\/p>\n<div>\n<p><strong>Az \u00e1r tartalmazza:<\/strong><\/p>\n<ul class=\"card-list\">\n<li style=\"text-align: justify;\">Bevezet\u0151 konzult\u00e1ci\u00f3 a lehets\u00e9ges \u00c1FA regisztr\u00e1ci\u00f3s elj\u00e1r\u00e1sokr\u00f3l, szakmai tan\u00e1csad\u00e1s \u00e9s a legjobb megold\u00e1sok kiv\u00e1laszt\u00e1sa az \u00d6n v\u00e1llalkoz\u00e1sa sz\u00e1m\u00e1ra<\/li>\n<li style=\"text-align: justify;\">Az illet\u00e9kes szlov\u00e1k ad\u00f3hivataln\u00e1l a k\u00e9rv\u00e9nyek beny\u00fajt\u00e1sa, kapcsolattart\u00e1s az \u00fcgyf\u00e9l meghatalmaz\u00e1sa alapj\u00e1n.<\/li>\n<li style=\"text-align: justify;\">K\u00e9rv\u00e9nyek, \u0171rlapok \u00e9s egy\u00e9b mell\u00e9kletek elk\u00e9sz\u00edt\u00e9se, amelyek a sikeres regisztr\u00e1ci\u00f3 alapj\u00e1t k\u00e9pezik, majd az illet\u00e9kes szlov\u00e1k ad\u00f3hivatalhoz a k\u00e9rv\u00e9nyek beny\u00fajt\u00e1sa.<\/li>\n<\/ul>\n<p><span style=\"text-align: justify;\"><\/div><\/span><\/p>","protected":false},"excerpt":{"rendered":"<p>\u00c1ltal\u00e1nos forgalmi ad\u00f3 regisztr\u00e1ci\u00f3 \u2013\u00c1FA Amennyiben k\u00fclf\u00f6ld\u00f6n is szeretne v\u00e1llalkozni vagy egyszer\u0171en az \u00d6n partnerei k\u00f6lcs\u00f6n\u00f6s egy\u00fcttm\u0171k\u00f6d\u00e9st szeretn\u00e9nek \u00e1fa-fizet\u0151 c\u00e9ggel,&#8230;<\/p>\n","protected":false},"author":2,"featured_media":7736,"parent":0,"menu_order":0,"comment_status":"closed","ping_status":"closed","template":"sluzby.php","meta":{"footnotes":""},"class_list":["post-3339","page","type-page","status-publish","has-post-thumbnail","hentry"],"aioseo_notices":[],"_links":{"self":[{"href":"https:\/\/www.fontionnel.sk\/hu\/wp-json\/wp\/v2\/pages\/3339","targetHints":{"allow":["GET"]}}],"collection":[{"href":"https:\/\/www.fontionnel.sk\/hu\/wp-json\/wp\/v2\/pages"}],"about":[{"href":"https:\/\/www.fontionnel.sk\/hu\/wp-json\/wp\/v2\/types\/page"}],"author":[{"embeddable":true,"href":"https:\/\/www.fontionnel.sk\/hu\/wp-json\/wp\/v2\/users\/2"}],"replies":[{"embeddable":true,"href":"https:\/\/www.fontionnel.sk\/hu\/wp-json\/wp\/v2\/comments?post=3339"}],"version-history":[{"count":46,"href":"https:\/\/www.fontionnel.sk\/hu\/wp-json\/wp\/v2\/pages\/3339\/revisions"}],"predecessor-version":[{"id":8779,"href":"https:\/\/www.fontionnel.sk\/hu\/wp-json\/wp\/v2\/pages\/3339\/revisions\/8779"}],"wp:featuredmedia":[{"embeddable":true,"href":"https:\/\/www.fontionnel.sk\/hu\/wp-json\/wp\/v2\/media\/7736"}],"wp:attachment":[{"href":"https:\/\/www.fontionnel.sk\/hu\/wp-json\/wp\/v2\/media?parent=3339"}],"curies":[{"name":"wp","href":"https:\/\/api.w.org\/{rel}","templated":true}]}}

Általános forgalmi adó regisztráció – ÁFA

<p></p>
<h2><strong>Általános forgalmi adó regisztráció –ÁFA</strong></h2>
<p style="text-align: justify;">Amennyiben külföldön is szeretne vállalkozni vagy egyszerűen az Ön partnerei kölcsönös együttműködést szeretnének áfa-fizető céggel, a legjobb megoldás az önkéntes áfa-fizetésre való regisztráció. A jelenlegi szlovák törvények ezt az ügyletet megnehezítik azzal, hogy ilyen esetekben biztosítékot kérnek vagy rosszabb esetben elutasítják a kérelmet. Cégünk megoldást nyújt arra, hogy az áfa regisztráció sikeresen lebonyolódjon, adott esetben a lehető legalacsonyabb összegű <b>biztosíték </b>kifizetése mellett. A általános forgalmi adó regisztrációt személyre szabottan intézzük, úgy, hogy pozitív eredményt érhessünk el. A <b>vállalkozói tanácsadás </b>a szakszerű konzultáción kívül a szükséges okiratok elkészítését is magába foglalja. A szolgáltatás ára 199,- euró, amelyért cserébe ügyintézést biztosítunk a bonyolult bürokratikus folyamatokban.</p>
<div>
<p><strong>Áfa regisztráció lépései:</strong></p>
<ol>
<li>Szaktanácsadás, amely a vállalkozását érintő bevezető konzultációt is tartalmazza, valamint az azt követő áfa regisztráció lépéseinek meghatározása.</li>
<li>Kérvények, űrlapok, és egyéb mellékletek elkészítése, amelyek a sikeres regisztráció alapját képezik, valamint az adóhivatalnál a biztosíték összegének csökkentéséhez szükségesek.</li>
<li>Kérvények benyújtása és konzultáció az illetékes adóhivatallal az ügyfél nevében, cégünk alkalmazottai megállapodnak egy időpontban a helyszíni ellenőrzés elvégzésére, amelyet az adóhivatal adott esetben kötelezővé tehet.</li>
<li>Az adóhivatalnál kérvények elintézése, <b>biztosíték kirovása vagy elengedése</b>, ezt követően az általános forgalmi adó regisztrációról kiadott igazolás átvétele.</li>
</ol>
<p><span style="text-align: justify;"></div></span></p>
<p>&nbsp;</p>
<div>
<p><strong>Az ár tartalmazza:</strong></p>
<ul class="card-list">
<li style="text-align: justify;">Bevezető konzultáció a lehetséges ÁFA regisztrációs eljárásokról, szakmai tanácsadás és a legjobb megoldások kiválasztása az Ön vállalkozása számára</li>
<li style="text-align: justify;">Az illetékes szlovák adóhivatalnál a kérvények benyújtása, kapcsolattartás az ügyfél meghatalmazása alapján.</li>
<li style="text-align: justify;">Kérvények, űrlapok és egyéb mellékletek elkészítése, amelyek a sikeres regisztráció alapját képezik, majd az illetékes szlovák adóhivatalhoz a kérvények benyújtása.</li>
</ul>
<p><span style="text-align: justify;"></div></span></p>

<p>Általános forgalmi adó regisztráció –ÁFA Amennyiben külföldön is szeretne vállalkozni vagy egyszerűen az Ön partnerei kölcsönös együttműködést szeretnének áfa-fizető céggel,&#8230;</p>
