{"id":3532,"date":"2013-09-16T07:30:34","date_gmt":"2013-09-16T07:30:34","guid":{"rendered":"http:\/\/www.fontionnel.sk\/?page_id=3532"},"modified":"2017-02-14T11:51:58","modified_gmt":"2017-02-14T09:51:58","slug":"zalozenie-spolocnosti-s-r-o-v-cr","status":"publish","type":"page","link":"https:\/\/www.fontionnel.sk\/hu\/kft-alapitas-a-cseh-koztarsasagban\/","title":{"rendered":"Kft. alap\u00edt\u00e1s a Cseh K\u00f6zt\u00e1rsas\u00e1gban"},"content":{"rendered":"<p><\/p>\n<h2><b>Kft. alap\u00edt\u00e1s a Cseh K\u00f6zt\u00e1rsas\u00e1gban\u00a0<\/b><\/h2>\n<p style=\"text-align: justify;\">Mivel Szlov\u00e1ki\u00e1ban egyre t\u00f6bb ad\u00f3- \u00e9s b\u00fcrokr\u00e1ciai korl\u00e1toz\u00e1st vezettek be, ez\u00e9rt a v\u00e1llalkozni v\u00e1gy\u00f3k egyre t\u00f6bbsz\u00f6r v\u00e1lasztj\u00e1k c\u00e9g\u00fck megalap\u00edt\u00e1s\u00e1nak helysz\u00edn\u00e9\u00fcl Csehorsz\u00e1got. Annak ellen\u00e9re, hogy el\u00e9gg\u00e9 neh\u00e9zkes egy kft. megalap\u00edt\u00e1sa Csehorsz\u00e1gban is, \u00e9s a t\u00f6rzst\u0151k\u00e9t k\u00e9szp\u00e9nzben kell kifizetni ideiglenesen, l\u00e9tezik egy alapvet\u0151en egyszer\u0171bb \u00e9s nem annyira id\u0151ig\u00e9nyes \u00e1fa regisztr\u00e1ci\u00f3 a kezd\u0151 v\u00e1llalkoz\u00f3k r\u00e9sz\u00e9re, amely jelenleg a leggyakoribb \u00fcgylet a v\u00e1llalkoz\u00e1sok t\u00f6rt\u00e9net\u00e9ben Szlov\u00e1ki\u00e1ban \u00e9s Csehorsz\u00e1gban.<\/p>\n<p style=\"text-align: justify;\">A Fontionnel c\u00e9g csapata seg\u00edt \u00d6nnek a c\u00e9galap\u00edt\u00e1sban \u2013 <b>azaz a jegyzett t\u0151ke kifizet\u00e9s\u00e9ben is!<\/b> Ezen k\u00edv\u00fcl elk\u00e9sz\u00edtj\u00fck az \u00d6n sz\u00e1m\u00e1ra az alap\u00edt\u00f3 okiratokat, <b>a jegyzett t\u0151k\u00e9t seg\u00edt\u00fcnk befizetni a mi eszk\u00f6zeink seg\u00edts\u00e9g\u00e9vel, <\/b>beszerezz\u00fck az \u00e9rv\u00e9nyes c\u00e9gkivonatot \u00e9s elint\u00e9zz\u00fck az \u00e1fa regisztr\u00e1ci\u00f3t is.<\/p>\n<p style=\"text-align: justify;\">Amennyiben most rendeli meg t\u0151l\u00fcnk ezt a szolg\u00e1ltat\u00e1st, a kiv\u00e9teles aj\u00e1nlatunk \u00d6nnek sz\u00f3l: <strong>1<\/strong><b>\u00a0\u00e9v id\u0151tartamra bejegyzett pr\u00e1gai sz\u00e9khely biztos\u00edt\u00e1sa!<\/b><\/p>\n<h2>Mi a m\u00f3dja egy kft. alap\u00edt\u00e1s\u00e1nak Csehorsz\u00e1gban?<\/h2>\n<p style=\"text-align: justify;\">K\u00fcldje el megrendel\u00e9s\u00e9t e-mailben, vagy l\u00e9pjen kapcsolatba vel\u00fcnk telefonon. Ezut\u00e1n egy adatlapot k\u00fcld\u00fcnk \u00d6nnek kit\u00f6lt\u00e9sre. Mi 24 \u00f3r\u00e1n bel\u00fcl elk\u00e9sz\u00edtj\u00fck az alap\u00edt\u00f3 okiratot, amely a kft. cseh c\u00e9gnyilv\u00e1ntart\u00e1sba t\u00f6rt\u00e9n\u0151 bejegyz\u00e9shez sz\u00fcks\u00e9ges. Az okiratok al\u00e1\u00edr\u00e1sa ut\u00e1n a c\u00e9galap\u00edt\u00e1s teljes folyamat\u00e1t mi v\u00e9gezz\u00fck az \u00d6nnel k\u00f6t\u00f6tt szerz\u0151d\u00e9s alapj\u00e1n, amellyel garant\u00e1ljuk a kft. megalap\u00edt\u00e1s\u00e1t az \u00d6nnel meg\u00e1llapodott felt\u00e9telek mellett \u00e9s id\u0151ben.<\/p>\n<h3><b>A szolg\u00e1ltat\u00e1s mag\u00e1ba foglalja:<\/b><\/h3>\n<div><\/p>\n<ul class=\"card-list\">\n<li style=\"text-align: justify;\">ingyenes konzult\u00e1ci\u00f3 a c\u00e9g megalap\u00edt\u00e1sa el\u0151tt<\/li>\n<li style=\"text-align: justify;\">alap\u00edt\u00f3 okiratok el\u0151k\u00e9sz\u00edt\u00e9se<\/li>\n<li style=\"text-align: justify;\">v\u00e1llalkoz\u00f3i igazolv\u00e1ny beszerz\u00e9se<\/li>\n<li style=\"text-align: justify;\">b\u00edr\u00f3s\u00e1gi illet\u00e9kek kifizet\u00e9se<\/li>\n<li style=\"text-align: justify;\">a cseh c\u00e9gjegyz\u00e9kbe val\u00f3 bejegyz\u00e9s<\/li>\n<li style=\"text-align: justify;\">a jogi szem\u00e9ly, azaz a c\u00e9g j\u00f6vedelemad\u00f3j\u00e1nak bejelent\u00e9se<\/li>\n<li style=\"text-align: justify;\">cseh c\u00e9gkivonat beszerz\u00e9se<\/li>\n<\/ul>\n<p><\/div>\n<p>&nbsp;<\/p>","protected":false},"excerpt":{"rendered":"<p>Kft. alap\u00edt\u00e1s a Cseh K\u00f6zt\u00e1rsas\u00e1gban\u00a0 Mivel Szlov\u00e1ki\u00e1ban egyre t\u00f6bb ad\u00f3- \u00e9s b\u00fcrokr\u00e1ciai korl\u00e1toz\u00e1st vezettek be, ez\u00e9rt a v\u00e1llalkozni v\u00e1gy\u00f3k egyre&#8230;<\/p>\n","protected":false},"author":2,"featured_media":7678,"parent":0,"menu_order":0,"comment_status":"closed","ping_status":"closed","template":"sluzby.php","meta":{"footnotes":""},"class_list":["post-3532","page","type-page","status-publish","has-post-thumbnail","hentry"],"aioseo_notices":[],"_links":{"self":[{"href":"https:\/\/www.fontionnel.sk\/hu\/wp-json\/wp\/v2\/pages\/3532","targetHints":{"allow":["GET"]}}],"collection":[{"href":"https:\/\/www.fontionnel.sk\/hu\/wp-json\/wp\/v2\/pages"}],"about":[{"href":"https:\/\/www.fontionnel.sk\/hu\/wp-json\/wp\/v2\/types\/page"}],"author":[{"embeddable":true,"href":"https:\/\/www.fontionnel.sk\/hu\/wp-json\/wp\/v2\/users\/2"}],"replies":[{"embeddable":true,"href":"https:\/\/www.fontionnel.sk\/hu\/wp-json\/wp\/v2\/comments?post=3532"}],"version-history":[{"count":77,"href":"https:\/\/www.fontionnel.sk\/hu\/wp-json\/wp\/v2\/pages\/3532\/revisions"}],"predecessor-version":[{"id":9132,"href":"https:\/\/www.fontionnel.sk\/hu\/wp-json\/wp\/v2\/pages\/3532\/revisions\/9132"}],"wp:featuredmedia":[{"embeddable":true,"href":"https:\/\/www.fontionnel.sk\/hu\/wp-json\/wp\/v2\/media\/7678"}],"wp:attachment":[{"href":"https:\/\/www.fontionnel.sk\/hu\/wp-json\/wp\/v2\/media?parent=3532"}],"curies":[{"name":"wp","href":"https:\/\/api.w.org\/{rel}","templated":true}]}}

Kft. alapítás a Cseh Köztársaságban

<p></p>
<h2><b>Kft. alapítás a Cseh Köztársaságban </b></h2>
<p style="text-align: justify;">Mivel Szlovákiában egyre több adó- és bürokráciai korlátozást vezettek be, ezért a vállalkozni vágyók egyre többször választják cégük megalapításának helyszínéül Csehországot. Annak ellenére, hogy eléggé nehézkes egy kft. megalapítása Csehországban is, és a törzstőkét készpénzben kell kifizetni ideiglenesen, létezik egy alapvetően egyszerűbb és nem annyira időigényes áfa regisztráció a kezdő vállalkozók részére, amely jelenleg a leggyakoribb ügylet a vállalkozások történetében Szlovákiában és Csehországban.</p>
<p style="text-align: justify;">A Fontionnel cég csapata segít Önnek a cégalapításban – <b>azaz a jegyzett tőke kifizetésében is!</b> Ezen kívül elkészítjük az Ön számára az alapító okiratokat, <b>a jegyzett tőkét segítünk befizetni a mi eszközeink segítségével, </b>beszerezzük az érvényes cégkivonatot és elintézzük az áfa regisztrációt is.</p>
<p style="text-align: justify;">Amennyiben most rendeli meg tőlünk ezt a szolgáltatást, a kivételes ajánlatunk Önnek szól: <strong>1</strong><b> év időtartamra bejegyzett prágai székhely biztosítása!</b></p>
<h2>Mi a módja egy kft. alapításának Csehországban?</h2>
<p style="text-align: justify;">Küldje el megrendelését e-mailben, vagy lépjen kapcsolatba velünk telefonon. Ezután egy adatlapot küldünk Önnek kitöltésre. Mi 24 órán belül elkészítjük az alapító okiratot, amely a kft. cseh cégnyilvántartásba történő bejegyzéshez szükséges. Az okiratok aláírása után a cégalapítás teljes folyamatát mi végezzük az Önnel kötött szerződés alapján, amellyel garantáljuk a kft. megalapítását az Önnel megállapodott feltételek mellett és időben.</p>
<h3><b>A szolgáltatás magába foglalja:</b></h3>
<div></p>
<ul class="card-list">
<li style="text-align: justify;">ingyenes konzultáció a cég megalapítása előtt</li>
<li style="text-align: justify;">alapító okiratok előkészítése</li>
<li style="text-align: justify;">vállalkozói igazolvány beszerzése</li>
<li style="text-align: justify;">bírósági illetékek kifizetése</li>
<li style="text-align: justify;">a cseh cégjegyzékbe való bejegyzés</li>
<li style="text-align: justify;">a jogi személy, azaz a cég jövedelemadójának bejelentése</li>
<li style="text-align: justify;">cseh cégkivonat beszerzése</li>
</ul>
<p></div>
<p>&nbsp;</p>

<p>Kft. alapítás a Cseh Köztársaságban  Mivel Szlovákiában egyre több adó- és bürokráciai korlátozást vezettek be, ezért a vállalkozni vágyók egyre&#8230;</p>
