{"id":420,"date":"2011-07-04T08:51:38","date_gmt":"2011-07-04T08:51:38","guid":{"rendered":"http:\/\/www.fontionnel.sk\/?page_id=420"},"modified":"2024-11-08T00:52:40","modified_gmt":"2024-11-07T22:52:40","slug":"virtualne-sidlo-spolocnosti-registracne-sidlo-slovensko","status":"publish","type":"page","link":"https:\/\/www.fontionnel.sk\/hu\/virtualis-szekhely-szlovakiaban\/","title":{"rendered":"Virtu\u00e1lis sz\u00e9khely Szlov\u00e1ki\u00e1ban"},"content":{"rendered":"<p><\/p>\n<h2>Regisztr\u00e1ci\u00f3s sz\u00e9khely \u2013 Szlov\u00e1kia<\/h2>\n<p style=\"text-align: justify;\">A Fontionnel \u00e1ltal biztos\u00edtott virtu\u00e1lis iroda c\u00e9lja, hogy \u00fcgyfeleit tehermentes\u00edtse az \u00f6sszes adminisztrat\u00edv \u00fcgylett\u0151l \u00e9s tev\u00e9kenys\u00e9gt\u0151l, amely az iroda zavartalan m\u0171k\u00f6d\u00e9s\u00e9t biztos\u00edtja. A regisztr\u00e1ci\u00f3s sz\u00e9khelyen k\u00edv\u00fcl haszn\u00e1lhatja ezt a c\u00edmet levelez\u00e9si vagy kapcsolattart\u00f3 c\u00edmk\u00e9nt is.<\/p>\n<p style=\"text-align: justify;\">A virtu\u00e1lis irod\u00e1val kapcsolatos szolg\u00e1ltat\u00e1sunk a <b>postai k\u00fcldem\u00e9nyek \u00e1tv\u00e9tele, meg\u0151rz\u00e9se \u00e9s tov\u00e1bb\u00edt\u00e1sa<\/b>. \u00c1tvessz\u00fck \u00e9s meg\u0151rizz\u00fck leveleit, az \u00f6sszes k\u00fcldem\u00e9nyr\u0151l ki\u00e9rtes\u00edtj\u00fck <b>telefonon, e-mailben vagy SMS \u00fczenetben<\/b>.<\/p>\n<p style=\"text-align: justify;\">Tov\u00e1bbi fontos szolg\u00e1ltat\u00e1sunk a telefonos \u00e9s fax szolg\u00e1ltat\u00e1s. Sz\u00fcks\u00e9g eset\u00e9n saj\u00e1t telefonsz\u00e1mot is biztos\u00edtunk, h\u00edv\u00e1sok \u00e9s faxok fogad\u00e1s\u00e1ra. Ezt a telefonsz\u00e1mot term\u00e9szetesen c\u00e9ges n\u00e9vjegyk\u00e1rty\u00e1j\u00e1n is felt\u00fcntetheti. Ha \u00d6n nem el\u00e9rhet\u0151, fogadjuk a h\u00edv\u00e1sait (faxot), amelyekr\u0151l ut\u00f3lag t\u00e1j\u00e9koztatjuk \u00d6nt. Amennyiben \u00fagy k\u00edv\u00e1nja, \u00e1tir\u00e1ny\u00edtjuk a be\u00e9rkez\u0151 h\u00edv\u00e1sokat \u00d6nre.<\/p>\n<p style=\"text-align: justify;\">A mindennapos v\u00e1llalkoz\u00e1si tev\u00e9kenys\u00e9gek v\u00e9gz\u00e9se sor\u00e1n gyakran ker\u00fcl sor szem\u00e9lyes t\u00e1rgyal\u00e1sra az \u00fcgyfelekkel. <b>Virtu\u00e1lis iroda keretein bel\u00fcl b\u00e9relhet t\u0151l\u00fcnk t\u00e1rgyal\u00f3termet is. <\/b>Az<b> <\/b>\u00e1ltalunk biztos\u00edtott t\u00e1rgyal\u00f3termekben diszkr\u00e9ten t\u00e1rgyalhat \u00fczletfeleivel, internetkapcsolatot, friss\u00edt\u0151t is biztos\u00edtunk.<\/p>\n<h3><strong>A virtu\u00e1lis sz\u00e9khely f\u0151leg az olyan \u00fcgyfelek sz\u00e1m\u00e1ra aj\u00e1nlott, akik:<\/strong><\/h3>\n<p><span style=\"text-align: justify; font-size: 13px;\"><div><\/span><\/p>\n<ul class=\"card-list\">\n<li style=\"text-align: justify;\">nem rendelkeznek elegend\u0151 p\u00e9nzeszk\u00f6zzel ahhoz, hogy irod\u00e1t b\u00e9reljenek vagy v\u00e1s\u00e1roljonak<\/li>\n<li style=\"text-align: justify;\">szeretn\u00e9k a b\u00e9rleti k\u00f6lts\u00e9geket cs\u00f6kkenteni<\/li>\n<li style=\"text-align: justify;\">r\u00f6vid t\u00e1v\u00fa v\u00e1llalkoz\u00e1st terveznek<\/li>\n<li style=\"text-align: justify;\">valamint sz\u00fcks\u00e9g\u00fck van arra, hogy valaki t\u00f6r\u0151dj\u00f6n a post\u00e1val, valamint fogadja a h\u00edv\u00e1sokat<\/li>\n<\/ul>\n<p><\/div>\n<h3>Virtu\u00e1lis sz\u00e9khely d\u00edjai:<\/h3>\n<div><\/p>\n<ul class=\"card-list blue-points\">\n<li>Sz\u00e9khely b\u00e9rl\u00e9se havonta csak 39 \u20ac-\u00e9rt!<\/li>\n<li>Levelez\u00e9s fogad\u00e1sa \u00e9s \u00e9rtes\u00edt\u00e9s lev\u00e9lk\u00fcldem\u00e9nyek \u00e9rkez\u00e9s\u00e9r\u0151l e-mailben 5 \u20ac \/ h\u00f3nap.<\/li>\n<li>Levelez\u00e9s tov\u00e1bb\u00edt\u00e1sa (max. 20 lev\u00e9lk\u00fcldem\u00e9ny) 8 eur\u00f3 \/ h\u00f3nap + postak\u00f6lts\u00e9g (A Szlov\u00e1k Posta aktu\u00e1lis \u00e1rlist\u00e1ja alapj\u00e1n)<\/li>\n<li>Sz\u00e9khely b\u00e9rlet min. 12 h\u00f3napra<\/li>\n<li>Fizet\u00e9si rend \u2013 \u00e9vente<\/li>\n<li>Kieg\u00e9sz\u00edt\u0151 szolg\u00e1ltat\u00e1sok \u00e9s \u00e1rlista itt: <a href=\"http:\/\/www.fontionnel.sk\/cennik\/#jumper6\">\u00c1rlista<\/a><\/li>\n<\/ul>\n<p><\/div>\n<p>&nbsp;<\/p>","protected":false},"excerpt":{"rendered":"<p>Regisztr\u00e1ci\u00f3s sz\u00e9khely \u2013 Szlov\u00e1kia A Fontionnel \u00e1ltal biztos\u00edtott virtu\u00e1lis iroda c\u00e9lja, hogy \u00fcgyfeleit tehermentes\u00edtse az \u00f6sszes adminisztrat\u00edv \u00fcgylett\u0151l \u00e9s tev\u00e9kenys\u00e9gt\u0151l,&#8230;<\/p>\n","protected":false},"author":2,"featured_media":7729,"parent":0,"menu_order":0,"comment_status":"closed","ping_status":"closed","template":"sluzby.php","meta":{"footnotes":""},"class_list":["post-420","page","type-page","status-publish","has-post-thumbnail","hentry"],"aioseo_notices":[],"_links":{"self":[{"href":"https:\/\/www.fontionnel.sk\/hu\/wp-json\/wp\/v2\/pages\/420","targetHints":{"allow":["GET"]}}],"collection":[{"href":"https:\/\/www.fontionnel.sk\/hu\/wp-json\/wp\/v2\/pages"}],"about":[{"href":"https:\/\/www.fontionnel.sk\/hu\/wp-json\/wp\/v2\/types\/page"}],"author":[{"embeddable":true,"href":"https:\/\/www.fontionnel.sk\/hu\/wp-json\/wp\/v2\/users\/2"}],"replies":[{"embeddable":true,"href":"https:\/\/www.fontionnel.sk\/hu\/wp-json\/wp\/v2\/comments?post=420"}],"version-history":[{"count":90,"href":"https:\/\/www.fontionnel.sk\/hu\/wp-json\/wp\/v2\/pages\/420\/revisions"}],"predecessor-version":[{"id":9958,"href":"https:\/\/www.fontionnel.sk\/hu\/wp-json\/wp\/v2\/pages\/420\/revisions\/9958"}],"wp:featuredmedia":[{"embeddable":true,"href":"https:\/\/www.fontionnel.sk\/hu\/wp-json\/wp\/v2\/media\/7729"}],"wp:attachment":[{"href":"https:\/\/www.fontionnel.sk\/hu\/wp-json\/wp\/v2\/media?parent=420"}],"curies":[{"name":"wp","href":"https:\/\/api.w.org\/{rel}","templated":true}]}}

Virtuális székhely Szlovákiában

<p></p>
<h2>Regisztrációs székhely – Szlovákia</h2>
<p style="text-align: justify;">A Fontionnel által biztosított virtuális iroda célja, hogy ügyfeleit tehermentesítse az összes adminisztratív ügylettől és tevékenységtől, amely az iroda zavartalan működését biztosítja. A regisztrációs székhelyen kívül használhatja ezt a címet levelezési vagy kapcsolattartó címként is.</p>
<p style="text-align: justify;">A virtuális irodával kapcsolatos szolgáltatásunk a <b>postai küldemények átvétele, megőrzése és továbbítása</b>. Átvesszük és megőrizzük leveleit, az összes küldeményről kiértesítjük <b>telefonon, e-mailben vagy SMS üzenetben</b>.</p>
<p style="text-align: justify;">További fontos szolgáltatásunk a telefonos és fax szolgáltatás. Szükség esetén saját telefonszámot is biztosítunk, hívások és faxok fogadására. Ezt a telefonszámot természetesen céges névjegykártyáján is feltüntetheti. Ha Ön nem elérhető, fogadjuk a hívásait (faxot), amelyekről utólag tájékoztatjuk Önt. Amennyiben úgy kívánja, átirányítjuk a beérkező hívásokat Önre.</p>
<p style="text-align: justify;">A mindennapos vállalkozási tevékenységek végzése során gyakran kerül sor személyes tárgyalásra az ügyfelekkel. <b>Virtuális iroda keretein belül bérelhet tőlünk tárgyalótermet is. </b>Az<b> </b>általunk biztosított tárgyalótermekben diszkréten tárgyalhat üzletfeleivel, internetkapcsolatot, frissítőt is biztosítunk.</p>
<h3><strong>A virtuális székhely főleg az olyan ügyfelek számára ajánlott, akik:</strong></h3>
<p><span style="text-align: justify; font-size: 13px;"><div></span></p>
<ul class="card-list">
<li style="text-align: justify;">nem rendelkeznek elegendő pénzeszközzel ahhoz, hogy irodát béreljenek vagy vásároljonak</li>
<li style="text-align: justify;">szeretnék a bérleti költségeket csökkenteni</li>
<li style="text-align: justify;">rövid távú vállalkozást terveznek</li>
<li style="text-align: justify;">valamint szükségük van arra, hogy valaki törődjön a postával, valamint fogadja a hívásokat</li>
</ul>
<p></div>
<h3>Virtuális székhely díjai:</h3>
<div></p>
<ul class="card-list blue-points">
<li>Székhely bérlése havonta csak 39 €-ért!</li>
<li>Levelezés fogadása és értesítés levélküldemények érkezéséről e-mailben 5 € / hónap.</li>
<li>Levelezés továbbítása (max. 20 levélküldemény) 8 euró / hónap + postaköltség (A Szlovák Posta aktuális árlistája alapján)</li>
<li>Székhely bérlet min. 12 hónapra</li>
<li>Fizetési rend – évente</li>
<li>Kiegészítő szolgáltatások és árlista itt: <a href="http://www.fontionnel.sk/cennik/#jumper6">Árlista</a></li>
</ul>
<p></div>
<p>&nbsp;</p>

<p>Regisztrációs székhely – Szlovákia A Fontionnel által biztosított virtuális iroda célja, hogy ügyfeleit tehermentesítse az összes adminisztratív ügylettől és tevékenységtől,&#8230;</p>
