{"id":4409,"date":"2014-02-28T08:28:20","date_gmt":"2014-02-28T08:28:20","guid":{"rendered":"http:\/\/www.fontionnel.sk\/?page_id=4409"},"modified":"2017-02-14T11:53:25","modified_gmt":"2017-02-14T09:53:25","slug":"zalozenie-s-r-o-v-madarsku","status":"publish","type":"page","link":"https:\/\/www.fontionnel.sk\/hu\/kft-alapitas-magyaroszagon\/","title":{"rendered":"Kft. alap\u00edt\u00e1s Magyarosz\u00e1gon"},"content":{"rendered":"<p><\/p>\n<h2><b>V\u00e1llalkoz\u00e1s Magyarorsz\u00e1gon \u2013 Kft. alap\u00edt\u00e1sa<\/b><\/h2>\n<p style=\"text-align: justify;\">Magyarorsz\u00e1g jelenleg nemcsak el\u0151ny\u00f6s ad\u00f3tarif\u00e1ival cs\u00e1b\u00edtja a v\u00e1llalkozni v\u00e1gy\u00f3kat, hanem a gyors \u00e9s nem t\u00fals\u00e1gosan id\u0151ig\u00e9nyes c\u00e9galap\u00edt\u00e1si elj\u00e1r\u00e1ssal is. Egy Kft. alap\u00edt\u00e1s\u00e1hoz elegend\u0151 a tev\u00e9kenys\u00e9g, c\u00e9gn\u00e9v \u00e9s a sz\u00e9khely kiv\u00e1laszt\u00e1sa. Nem sz\u00fcks\u00e9ges erk\u00f6lcsi bizony\u00edtv\u00e1ny kiv\u00e1lt\u00e1sa, valamint a hosszadalmas \u00e1fa regisztr\u00e1ci\u00f3 sem. M\u00e1sr\u00e9szr\u0151l azonban az eg\u00e9sz folyamatot \u00fcgyv\u00e9d fel\u00fcgyelete alatt kell elv\u00e9gezni. Magyarorsz\u00e1gon annak a\u00a0 v\u00e1llalkoz\u00e1snak, amely forgalma nem haladja meg a 500.000.000,- forintot (kb. 1.600.000 eur\u00f3t), 10%-os ad\u00f3kulcs k\u00f6telezetts\u00e9ge van. Az \u00e1fa regisztr\u00e1ci\u00f3 ide\u00e1lis esetben 24 \u00f3r\u00e1t vesz ig\u00e9nybe. Kft. c\u00e9gforma az ad\u00f3terhek ter\u00fclet\u00e9n is kedvez\u0151.\u00a0Forduljon a FONTIONNEL-hez, amennyiben kft.-t szeretne alap\u00edtani.<\/p>\n<h3><strong>Mi\u00e9rt v\u00e1lasszon minket, ha kulcsrak\u00e9sz c\u00e9get szeretne<\/strong><\/h3>\n<div><\/p>\n<ul class=\"card-list\">\n<li>Az okiratokat vel\u00fcnk egy\u00fcttm\u0171k\u00f6d\u0151 \u00fcgyv\u00e9d k\u00e9sz\u00edti el<\/li>\n<li>A kft. alap\u00edt\u00e1s\u00e1t szerz\u0151d\u00e9sben garant\u00e1ljuk<\/li>\n<li>K\u00f6nyvel\u00e9st biztos\u00edtunk<\/li>\n<li>Sz\u00e9khelyet biztos\u00edtunk<\/li>\n<li>A magyar c\u00e9gnyilv\u00e1ntart\u00e1sba bejegyeztetj\u00fck a m\u00f3dos\u00edt\u00e1sokat<\/li>\n<li>Korl\u00e1tlan mennyis\u00e9g\u0171 szabad iparostev\u00e9kenys\u00e9get biztos\u00edtunk<\/li>\n<\/ul>\n<p><\/div>\n<h3><strong>A c\u00e9g virtu\u00e1lis sz\u00e9khelye \u00e9s k\u00f6nyvel\u00e9si szolg\u00e1ltat\u00e1sok<\/strong><\/h3>\n<div>\n<ul class=\"card-list\">\n<li>Kom\u00e1rom 32 eur\u00f3\/h\u00f3nap<\/li>\n<li>Budapest 40 eur\u00f3\/h\u00f3nap<\/li>\n<li>K\u00f6nyvel\u00e9s 40 eur\u00f3t\u00f3l\/h\u00f3nap<\/li>\n<\/ul>\n<p><\/div><\/p>","protected":false},"excerpt":{"rendered":"<p>V\u00e1llalkoz\u00e1s Magyarorsz\u00e1gon \u2013 Kft. alap\u00edt\u00e1sa Magyarorsz\u00e1g jelenleg nemcsak el\u0151ny\u00f6s ad\u00f3tarif\u00e1ival cs\u00e1b\u00edtja a v\u00e1llalkozni v\u00e1gy\u00f3kat, hanem a gyors \u00e9s nem t\u00fals\u00e1gosan&#8230;<\/p>\n","protected":false},"author":2,"featured_media":7678,"parent":0,"menu_order":0,"comment_status":"closed","ping_status":"closed","template":"sluzby.php","meta":{"footnotes":""},"class_list":["post-4409","page","type-page","status-publish","has-post-thumbnail","hentry"],"aioseo_notices":[],"_links":{"self":[{"href":"https:\/\/www.fontionnel.sk\/hu\/wp-json\/wp\/v2\/pages\/4409","targetHints":{"allow":["GET"]}}],"collection":[{"href":"https:\/\/www.fontionnel.sk\/hu\/wp-json\/wp\/v2\/pages"}],"about":[{"href":"https:\/\/www.fontionnel.sk\/hu\/wp-json\/wp\/v2\/types\/page"}],"author":[{"embeddable":true,"href":"https:\/\/www.fontionnel.sk\/hu\/wp-json\/wp\/v2\/users\/2"}],"replies":[{"embeddable":true,"href":"https:\/\/www.fontionnel.sk\/hu\/wp-json\/wp\/v2\/comments?post=4409"}],"version-history":[{"count":56,"href":"https:\/\/www.fontionnel.sk\/hu\/wp-json\/wp\/v2\/pages\/4409\/revisions"}],"predecessor-version":[{"id":9420,"href":"https:\/\/www.fontionnel.sk\/hu\/wp-json\/wp\/v2\/pages\/4409\/revisions\/9420"}],"wp:featuredmedia":[{"embeddable":true,"href":"https:\/\/www.fontionnel.sk\/hu\/wp-json\/wp\/v2\/media\/7678"}],"wp:attachment":[{"href":"https:\/\/www.fontionnel.sk\/hu\/wp-json\/wp\/v2\/media?parent=4409"}],"curies":[{"name":"wp","href":"https:\/\/api.w.org\/{rel}","templated":true}]}}

Kft. alapítás Magyaroszágon

<p></p>
<h2><b>Vállalkozás Magyarországon – Kft. alapítása</b></h2>
<p style="text-align: justify;">Magyarország jelenleg nemcsak előnyös adótarifáival csábítja a vállalkozni vágyókat, hanem a gyors és nem túlságosan időigényes cégalapítási eljárással is. Egy Kft. alapításához elegendő a tevékenység, cégnév és a székhely kiválasztása. Nem szükséges erkölcsi bizonyítvány kiváltása, valamint a hosszadalmas áfa regisztráció sem. Másrészről azonban az egész folyamatot ügyvéd felügyelete alatt kell elvégezni. Magyarországon annak a  vállalkozásnak, amely forgalma nem haladja meg a 500.000.000,- forintot (kb. 1.600.000 eurót), 10%-os adókulcs kötelezettsége van. Az áfa regisztráció ideális esetben 24 órát vesz igénybe. Kft. cégforma az adóterhek területén is kedvező. Forduljon a FONTIONNEL-hez, amennyiben kft.-t szeretne alapítani.</p>
<h3><strong>Miért válasszon minket, ha kulcsrakész céget szeretne</strong></h3>
<div></p>
<ul class="card-list">
<li>Az okiratokat velünk együttműködő ügyvéd készíti el</li>
<li>A kft. alapítását szerződésben garantáljuk</li>
<li>Könyvelést biztosítunk</li>
<li>Székhelyet biztosítunk</li>
<li>A magyar cégnyilvántartásba bejegyeztetjük a módosításokat</li>
<li>Korlátlan mennyiségű szabad iparostevékenységet biztosítunk</li>
</ul>
<p></div>
<h3><strong>A cég virtuális székhelye és könyvelési szolgáltatások</strong></h3>
<div>
<ul class="card-list">
<li>Komárom 32 euró/hónap</li>
<li>Budapest 40 euró/hónap</li>
<li>Könyvelés 40 eurótól/hónap</li>
</ul>
<p></div></p>

<p>Vállalkozás Magyarországon – Kft. alapítása Magyarország jelenleg nemcsak előnyös adótarifáival csábítja a vállalkozni vágyókat, hanem a gyors és nem túlságosan&#8230;</p>
