{"id":49,"date":"2011-05-31T08:21:43","date_gmt":"2011-05-31T08:21:43","guid":{"rendered":"http:\/\/www.fontionnel.sk\/?page_id=49"},"modified":"2024-11-08T00:48:40","modified_gmt":"2024-11-07T22:48:40","slug":"virtualna-kancelaria-virtualne-sidlo-spolocnosti-2","status":"publish","type":"page","link":"https:\/\/www.fontionnel.sk\/hu\/ceg-virtualis-szekhelye-2\/","title":{"rendered":"A t\u00e1rsas\u00e1g virtu\u00e1lis sz\u00e9khelye"},"content":{"rendered":"<p><\/p>\n<h2>A t\u00e1rsas\u00e1g virtu\u00e1lis irod\u00e1ja<\/h2>\n<p>A virtu\u00e1lis sz\u00e9khely olyan \u2013 kezd\u0151 vagy m\u00e1r r\u00e9g\u00f3ta vir\u00e1gz\u00f3 \u2013 v\u00e1llalkoz\u00f3knak megold\u00e1s, akiknek a munkav\u00e9gz\u00e9s\u00e9hez nem sz\u00fcks\u00e9ges hagyom\u00e1nyos irodahelyis\u00e9g \u00e9s \u00e9ppen ez\u00e9rt \u00e9lnek a virtu\u00e1lis sz\u00e9khely el\u0151nyeivel.<\/p>\n<h3><strong>Mi\u00e9rt kellene a FONTIONNEL t\u00e1rsas\u00e1g virtu\u00e1lis sz\u00e9khely\u00e9t v\u00e1llasztania? \u00d6sszefoglalunk n\u00e9h\u00e1ny alapvet\u0151 el\u0151nyt:<\/strong><\/h3>\n<div><\/p>\n<ul class=\"card-list\">\n<li>a c\u00e9ge sz\u00e9khelye el\u0151kel\u0151 helyen helyezkedhet el;<\/li>\n<li>a helyis\u00e9gb\u00e9rl\u00e9s k\u00f6lts\u00e9ge alacsony, m\u00e1r 29 eur\u00f3t\u00f3l \/ h\u00f3;<\/li>\n<li>t\u00e1rgyal\u00f3terem ig\u00e9nybev\u00e9tele internetcsatlakoz\u00e1ssal \u00e9s friss\u00edt\u0151vel;<\/li>\n<li>klimatiz\u00e1lt helyis\u00e9gek.<\/li>\n<\/ul>\n<p><\/div>\n<h3>Virtu\u00e1lis sz\u00e9khelyb\u00e9rl\u00e9ssel kapcsolatos szolg\u00e1ltat\u00e1sok<\/h3>\n<p>A Fontionnel t\u00e1rsas\u00e1g \u00e1ltal ny\u00fajtott virtu\u00e1lis sz\u00e9khely nem csak egy hagyom\u00e1nyos sz\u00e9khely. A bejegyz\u00e9sre ker\u00fcl\u0151 sz\u00e9khelyb\u00e9rl\u00e9sen k\u00edv\u00fcl k\u00fcl\u00f6nb\u00f6z\u0151 szolg\u00e1ltat\u00e1sokb\u00f3l is v\u00e1laszthat. \u00d6n kiv\u00e1laszthatja vagy \u00f6ssze\u00e1ll\u00edthatja a saj\u00e1t szolg\u00e1ltat\u00e1scsomagj\u00e1t, \u00e9s a sz\u00e9khelye m\u0171k\u00f6d\u0151k\u00e9pes irod\u00e1v\u00e1 v\u00e1ltozhat az \u00d6n jelenl\u00e9te n\u00e9lk\u00fcl is.<\/p>\n<h3>Szolg\u00e1ltat\u00e1sok:<\/h3>\n<div>\n<ul class=\"card-list\">\n<li style=\"text-align: justify;\">Posta \u00e1tv\u00e9tele, meg\u0151rz\u00e9se \u00e9s k\u00fcld\u00e9se;<\/li>\n<li style=\"text-align: justify;\">E-mailes, SMS \u00e9s telefonos \u00e9rtes\u00edt\u00e9s a be\u00e9rkez\u0151 post\u00e1r\u00f3l, telefon-, vagy faxh\u00edv\u00e1sokr\u00f3l;<\/li>\n<li style=\"text-align: justify;\">Asszisztensi \u00e9s titk\u00e1rs\u00e1gi szolg\u00e1ltat\u00e1sok;<\/li>\n<li style=\"text-align: justify;\">\u00dczleti, ad\u00f3- \u00e9s p\u00e9nz\u00fcgyi tan\u00e1csad\u00e1s;<\/li>\n<li style=\"text-align: justify;\">T\u00e1rgyal\u00f3terem-b\u00e9rl\u00e9s friss\u00edt\u0151vel;<\/li>\n<li style=\"text-align: justify;\">E-mail tov\u00e1bb\u00edt\u00e1sa m\u00e1sik e-mail c\u00edmre;<\/li>\n<li style=\"text-align: justify;\">Saj\u00e1t telefonsz\u00e1m.<\/li>\n<\/ul>\n<p><\/div><\/p>","protected":false},"excerpt":{"rendered":"<p>A t\u00e1rsas\u00e1g virtu\u00e1lis irod\u00e1ja A virtu\u00e1lis sz\u00e9khely olyan \u2013 kezd\u0151 vagy m\u00e1r r\u00e9g\u00f3ta vir\u00e1gz\u00f3 \u2013 v\u00e1llalkoz\u00f3knak megold\u00e1s, akiknek a munkav\u00e9gz\u00e9s\u00e9hez&#8230;<\/p>\n","protected":false},"author":2,"featured_media":7729,"parent":0,"menu_order":0,"comment_status":"closed","ping_status":"closed","template":"sluzby.php","meta":{"footnotes":""},"class_list":["post-49","page","type-page","status-publish","has-post-thumbnail","hentry"],"aioseo_notices":[],"_links":{"self":[{"href":"https:\/\/www.fontionnel.sk\/hu\/wp-json\/wp\/v2\/pages\/49","targetHints":{"allow":["GET"]}}],"collection":[{"href":"https:\/\/www.fontionnel.sk\/hu\/wp-json\/wp\/v2\/pages"}],"about":[{"href":"https:\/\/www.fontionnel.sk\/hu\/wp-json\/wp\/v2\/types\/page"}],"author":[{"embeddable":true,"href":"https:\/\/www.fontionnel.sk\/hu\/wp-json\/wp\/v2\/users\/2"}],"replies":[{"embeddable":true,"href":"https:\/\/www.fontionnel.sk\/hu\/wp-json\/wp\/v2\/comments?post=49"}],"version-history":[{"count":128,"href":"https:\/\/www.fontionnel.sk\/hu\/wp-json\/wp\/v2\/pages\/49\/revisions"}],"predecessor-version":[{"id":9956,"href":"https:\/\/www.fontionnel.sk\/hu\/wp-json\/wp\/v2\/pages\/49\/revisions\/9956"}],"wp:featuredmedia":[{"embeddable":true,"href":"https:\/\/www.fontionnel.sk\/hu\/wp-json\/wp\/v2\/media\/7729"}],"wp:attachment":[{"href":"https:\/\/www.fontionnel.sk\/hu\/wp-json\/wp\/v2\/media?parent=49"}],"curies":[{"name":"wp","href":"https:\/\/api.w.org\/{rel}","templated":true}]}}

A társaság virtuális székhelye

<p></p>
<h2>A társaság virtuális irodája</h2>
<p>A virtuális székhely olyan – kezdő vagy már régóta virágzó – vállalkozóknak megoldás, akiknek a munkavégzéséhez nem szükséges hagyományos irodahelyiség és éppen ezért élnek a virtuális székhely előnyeivel.</p>
<h3><strong>Miért kellene a FONTIONNEL társaság virtuális székhelyét vállasztania? Összefoglalunk néhány alapvető előnyt:</strong></h3>
<div></p>
<ul class="card-list">
<li>a cége székhelye előkelő helyen helyezkedhet el;</li>
<li>a helyiségbérlés költsége alacsony, már 29 eurótól / hó;</li>
<li>tárgyalóterem igénybevétele internetcsatlakozással és frissítővel;</li>
<li>klimatizált helyiségek.</li>
</ul>
<p></div>
<h3>Virtuális székhelybérléssel kapcsolatos szolgáltatások</h3>
<p>A Fontionnel társaság által nyújtott virtuális székhely nem csak egy hagyományos székhely. A bejegyzésre kerülő székhelybérlésen kívül különböző szolgáltatásokból is választhat. Ön kiválaszthatja vagy összeállíthatja a saját szolgáltatáscsomagját, és a székhelye működőképes irodává változhat az Ön jelenléte nélkül is.</p>
<h3>Szolgáltatások:</h3>
<div>
<ul class="card-list">
<li style="text-align: justify;">Posta átvétele, megőrzése és küldése;</li>
<li style="text-align: justify;">E-mailes, SMS és telefonos értesítés a beérkező postáról, telefon-, vagy faxhívásokról;</li>
<li style="text-align: justify;">Asszisztensi és titkársági szolgáltatások;</li>
<li style="text-align: justify;">Üzleti, adó- és pénzügyi tanácsadás;</li>
<li style="text-align: justify;">Tárgyalóterem-bérlés frissítővel;</li>
<li style="text-align: justify;">E-mail továbbítása másik e-mail címre;</li>
<li style="text-align: justify;">Saját telefonszám.</li>
</ul>
<p></div></p>

<p>A társaság virtuális irodája A virtuális székhely olyan – kezdő vagy már régóta virágzó – vállalkozóknak megoldás, akiknek a munkavégzéséhez&#8230;</p>
