{"id":6891,"date":"2015-11-25T18:55:13","date_gmt":"2015-11-25T16:55:13","guid":{"rendered":"https:\/\/www.fontionnel.sk\/?page_id=6891"},"modified":"2017-02-14T11:50:02","modified_gmt":"2017-02-14T09:50:02","slug":"zalozenie-a-s-v-ceskej-republike","status":"publish","type":"page","link":"https:\/\/www.fontionnel.sk\/hu\/slovak-zalozenie-a-s-v-ceskej-republike\/","title":{"rendered":"(Slovak) Zalo\u017eenie a.s. v \u010ceskej republike"},"content":{"rendered":"<p class=\"qtranxs-available-languages-message qtranxs-available-languages-message-hu\">Sajnos ennek a bejegyz\u00e9snek csak <a href=\"https:\/\/www.fontionnel.sk\/sk\/wp-json\/wp\/v2\/pages\/6891\" class=\"qtranxs-available-language-link qtranxs-available-language-link-sk\" title=\"Slovak\">Slovak<\/a> \u00e9s <a href=\"https:\/\/www.fontionnel.sk\/cz\/wp-json\/wp\/v2\/pages\/6891\" class=\"qtranxs-available-language-link qtranxs-available-language-link-cz\" title=\"Czech\">Czech<\/a> nyelv\u0171 v\u00e1ltozata van.<\/p>","protected":false},"excerpt":{"rendered":"<p>Sajnos ennek a bejegyz\u00e9snek csak Slovak \u00e9s Czech nyelv\u0171 v\u00e1ltozata van.<\/p>\n","protected":false},"author":2,"featured_media":7677,"parent":0,"menu_order":0,"comment_status":"closed","ping_status":"closed","template":"sluzby.php","meta":{"footnotes":""},"class_list":["post-6891","page","type-page","status-publish","has-post-thumbnail","hentry"],"aioseo_notices":[],"aioseo_head":"\n\t\t<!-- All in One SEO 4.9.10 - aioseo.com -->\n\t<meta name=\"description\" content=\"Kulcsrak\u00e9sz r\u00e9szv\u00e9nyt\u00e1rsas\u00e1g l\u00e9trehoz\u00e1sa Cehorsz\u00e1gban\" \/>\n\t<meta name=\"robots\" content=\"max-image-preview:large\" \/>\n\t<link rel=\"canonical\" href=\"https:\/\/www.fontionnel.sk\/hu\/slovak-zalozenie-a-s-v-ceskej-republike\/\" \/>\n\t<meta name=\"generator\" content=\"All in One SEO (AIOSEO) 4.9.10\" \/>\n\t\t<meta property=\"og:locale\" content=\"hu_HU\" \/>\n\t\t<meta property=\"og:site_name\" content=\"FONTIONNEL | Obchodn\u00e9 spolo\u010dnosti | \u00da\u010dtovn\u00edctvo | Poistenie\" \/>\n\t\t<meta property=\"og:type\" content=\"article\" \/>\n\t\t<meta property=\"og:title\" content=\"C\u00e9galap\u00edt\u00e1s (a.s.) Csehorsz\u00e1gban | FONTIONNEL\" \/>\n\t\t<meta property=\"og:description\" content=\"Kulcsrak\u00e9sz r\u00e9szv\u00e9nyt\u00e1rsas\u00e1g l\u00e9trehoz\u00e1sa Cehorsz\u00e1gban\" \/>\n\t\t<meta property=\"og:url\" content=\"https:\/\/www.fontionnel.sk\/hu\/slovak-zalozenie-a-s-v-ceskej-republike\/\" \/>\n\t\t<meta property=\"article:published_time\" content=\"2015-11-25T16:55:13+00:00\" \/>\n\t\t<meta property=\"article:modified_time\" content=\"2017-02-14T09:50:02+00:00\" \/>\n\t\t<meta name=\"twitter:card\" content=\"summary\" \/>\n\t\t<meta name=\"twitter:title\" content=\"C\u00e9galap\u00edt\u00e1s (a.s.) Csehorsz\u00e1gban | FONTIONNEL\" \/>\n\t\t<meta name=\"twitter:description\" content=\"Kulcsrak\u00e9sz r\u00e9szv\u00e9nyt\u00e1rsas\u00e1g l\u00e9trehoz\u00e1sa Cehorsz\u00e1gban\" \/>\n\t\t<script type=\"application\/ld+json\" class=\"aioseo-schema\">\n\t\t\t{\"@context\":\"https:\\\/\\\/schema.org\",\"@graph\":[{\"@type\":\"BreadcrumbList\",\"@id\":\"https:\\\/\\\/www.fontionnel.sk\\\/hu\\\/slovak-zalozenie-a-s-v-ceskej-republike\\\/#breadcrumblist\",\"itemListElement\":[{\"@type\":\"ListItem\",\"@id\":\"https:\\\/\\\/www.fontionnel.sk\\\/hu#listItem\",\"position\":1,\"name\":\"Home\",\"item\":\"https:\\\/\\\/www.fontionnel.sk\\\/hu\",\"nextItem\":{\"@type\":\"ListItem\",\"@id\":\"https:\\\/\\\/www.fontionnel.sk\\\/hu\\\/slovak-zalozenie-a-s-v-ceskej-republike\\\/#listItem\",\"name\":\"(Slovak) Zalo\\u017eenie a.s. v \\u010ceskej republike\"}},{\"@type\":\"ListItem\",\"@id\":\"https:\\\/\\\/www.fontionnel.sk\\\/hu\\\/slovak-zalozenie-a-s-v-ceskej-republike\\\/#listItem\",\"position\":2,\"name\":\"(Slovak) Zalo\\u017eenie a.s. v \\u010ceskej republike\",\"previousItem\":{\"@type\":\"ListItem\",\"@id\":\"https:\\\/\\\/www.fontionnel.sk\\\/hu#listItem\",\"name\":\"Home\"}}]},{\"@type\":\"Organization\",\"@id\":\"https:\\\/\\\/www.fontionnel.sk\\\/hu\\\/#organization\",\"name\":\"FONTIONNEL\",\"description\":\"Obchodn\\u00e9 spolo\\u010dnosti | \\u00da\\u010dtovn\\u00edctvo | Poistenie\",\"url\":\"https:\\\/\\\/www.fontionnel.sk\\\/hu\\\/\"},{\"@type\":\"WebPage\",\"@id\":\"https:\\\/\\\/www.fontionnel.sk\\\/hu\\\/slovak-zalozenie-a-s-v-ceskej-republike\\\/#webpage\",\"url\":\"https:\\\/\\\/www.fontionnel.sk\\\/hu\\\/slovak-zalozenie-a-s-v-ceskej-republike\\\/\",\"name\":\"C\\u00e9galap\\u00edt\\u00e1s (a.s.) Csehorsz\\u00e1gban | FONTIONNEL\",\"description\":\"Kulcsrak\\u00e9sz r\\u00e9szv\\u00e9nyt\\u00e1rsas\\u00e1g l\\u00e9trehoz\\u00e1sa Cehorsz\\u00e1gban\",\"inLanguage\":\"hu-HU\",\"isPartOf\":{\"@id\":\"https:\\\/\\\/www.fontionnel.sk\\\/hu\\\/#website\"},\"breadcrumb\":{\"@id\":\"https:\\\/\\\/www.fontionnel.sk\\\/hu\\\/slovak-zalozenie-a-s-v-ceskej-republike\\\/#breadcrumblist\"},\"image\":{\"@type\":\"ImageObject\",\"url\":\"https:\\\/\\\/www.fontionnel.sk\\\/wp-content\\\/uploads\\\/2011\\\/07\\\/zalozenie-as.png\",\"@id\":\"https:\\\/\\\/www.fontionnel.sk\\\/hu\\\/slovak-zalozenie-a-s-v-ceskej-republike\\\/#mainImage\",\"width\":280,\"height\":404},\"primaryImageOfPage\":{\"@id\":\"https:\\\/\\\/www.fontionnel.sk\\\/hu\\\/slovak-zalozenie-a-s-v-ceskej-republike\\\/#mainImage\"},\"datePublished\":\"2015-11-25T18:55:13+02:00\",\"dateModified\":\"2017-02-14T11:50:02+02:00\"},{\"@type\":\"WebSite\",\"@id\":\"https:\\\/\\\/www.fontionnel.sk\\\/hu\\\/#website\",\"url\":\"https:\\\/\\\/www.fontionnel.sk\\\/hu\\\/\",\"name\":\"FONTIONNEL\",\"description\":\"Obchodn\\u00e9 spolo\\u010dnosti | \\u00da\\u010dtovn\\u00edctvo | Poistenie\",\"inLanguage\":\"hu-HU\",\"publisher\":{\"@id\":\"https:\\\/\\\/www.fontionnel.sk\\\/hu\\\/#organization\"}}]}\n\t\t<\/script>\n\t\t<!-- All in One SEO -->\n\n","aioseo_head_json":{"title":"C\u00e9galap\u00edt\u00e1s (a.s.) Csehorsz\u00e1gban | FONTIONNEL","description":"Kulcsrak\u00e9sz r\u00e9szv\u00e9nyt\u00e1rsas\u00e1g l\u00e9trehoz\u00e1sa Cehorsz\u00e1gban","canonical_url":"https:\/\/www.fontionnel.sk\/hu\/slovak-zalozenie-a-s-v-ceskej-republike\/","robots":"max-image-preview:large","keywords":"","webmasterTools":{"miscellaneous":""},"schema":{"@context":"https:\/\/schema.org","@graph":[{"@type":"BreadcrumbList","@id":"https:\/\/www.fontionnel.sk\/hu\/slovak-zalozenie-a-s-v-ceskej-republike\/#breadcrumblist","itemListElement":[{"@type":"ListItem","@id":"https:\/\/www.fontionnel.sk\/hu#listItem","position":1,"name":"Home","item":"https:\/\/www.fontionnel.sk\/hu","nextItem":{"@type":"ListItem","@id":"https:\/\/www.fontionnel.sk\/hu\/slovak-zalozenie-a-s-v-ceskej-republike\/#listItem","name":"(Slovak) Zalo\u017eenie a.s. v \u010ceskej republike"}},{"@type":"ListItem","@id":"https:\/\/www.fontionnel.sk\/hu\/slovak-zalozenie-a-s-v-ceskej-republike\/#listItem","position":2,"name":"(Slovak) Zalo\u017eenie a.s. v \u010ceskej republike","previousItem":{"@type":"ListItem","@id":"https:\/\/www.fontionnel.sk\/hu#listItem","name":"Home"}}]},{"@type":"Organization","@id":"https:\/\/www.fontionnel.sk\/hu\/#organization","name":"FONTIONNEL","description":"Obchodn\u00e9 spolo\u010dnosti | \u00da\u010dtovn\u00edctvo | Poistenie","url":"https:\/\/www.fontionnel.sk\/hu\/"},{"@type":"WebPage","@id":"https:\/\/www.fontionnel.sk\/hu\/slovak-zalozenie-a-s-v-ceskej-republike\/#webpage","url":"https:\/\/www.fontionnel.sk\/hu\/slovak-zalozenie-a-s-v-ceskej-republike\/","name":"C\u00e9galap\u00edt\u00e1s (a.s.) Csehorsz\u00e1gban | FONTIONNEL","description":"Kulcsrak\u00e9sz r\u00e9szv\u00e9nyt\u00e1rsas\u00e1g l\u00e9trehoz\u00e1sa Cehorsz\u00e1gban","inLanguage":"hu-HU","isPartOf":{"@id":"https:\/\/www.fontionnel.sk\/hu\/#website"},"breadcrumb":{"@id":"https:\/\/www.fontionnel.sk\/hu\/slovak-zalozenie-a-s-v-ceskej-republike\/#breadcrumblist"},"image":{"@type":"ImageObject","url":"https:\/\/www.fontionnel.sk\/wp-content\/uploads\/2011\/07\/zalozenie-as.png","@id":"https:\/\/www.fontionnel.sk\/hu\/slovak-zalozenie-a-s-v-ceskej-republike\/#mainImage","width":280,"height":404},"primaryImageOfPage":{"@id":"https:\/\/www.fontionnel.sk\/hu\/slovak-zalozenie-a-s-v-ceskej-republike\/#mainImage"},"datePublished":"2015-11-25T18:55:13+02:00","dateModified":"2017-02-14T11:50:02+02:00"},{"@type":"WebSite","@id":"https:\/\/www.fontionnel.sk\/hu\/#website","url":"https:\/\/www.fontionnel.sk\/hu\/","name":"FONTIONNEL","description":"Obchodn\u00e9 spolo\u010dnosti | \u00da\u010dtovn\u00edctvo | Poistenie","inLanguage":"hu-HU","publisher":{"@id":"https:\/\/www.fontionnel.sk\/hu\/#organization"}}]},"og:locale":"hu_HU","og:site_name":"FONTIONNEL | Obchodn\u00e9 spolo\u010dnosti | \u00da\u010dtovn\u00edctvo | Poistenie","og:type":"article","og:title":"C\u00e9galap\u00edt\u00e1s (a.s.) Csehorsz\u00e1gban | FONTIONNEL","og:description":"Kulcsrak\u00e9sz r\u00e9szv\u00e9nyt\u00e1rsas\u00e1g l\u00e9trehoz\u00e1sa Cehorsz\u00e1gban","og:url":"https:\/\/www.fontionnel.sk\/hu\/slovak-zalozenie-a-s-v-ceskej-republike\/","article:published_time":"2015-11-25T16:55:13+00:00","article:modified_time":"2017-02-14T09:50:02+00:00","twitter:card":"summary","twitter:title":"C\u00e9galap\u00edt\u00e1s (a.s.) Csehorsz\u00e1gban | FONTIONNEL","twitter:description":"Kulcsrak\u00e9sz r\u00e9szv\u00e9nyt\u00e1rsas\u00e1g l\u00e9trehoz\u00e1sa Cehorsz\u00e1gban"},"aioseo_meta_data":{"post_id":"6891","title":"[:sk]Zalo\u017eenie a.s. v \u010ceskej republike[:cz]Zalo\u017een\u00ed a.s. v \u010cesk\u00e9 republice[:hu]C\u00e9galap\u00edt\u00e1s (a.s.) Csehorsz\u00e1gban[:] | #site_title","description":"[:sk]Podnikanie v \u010cR m\u00e1 viacero v\u00fdhod. Porad\u00edme v\u00e1m ako zalo\u017ei\u0165 akciov\u00fa spolo\u010dnos\u0165 bez n\u00e1mahy.[:cz]Zakl\u00e1d\u00e1ni akciov\u00e9 spole\u010dnosti na kl\u00ed\u010d v r\u00e1mci cel\u00e9 \u010cR.[:hu]Kulcsrak\u00e9sz \u00a0r\u00e9szv\u00e9nyt\u00e1rsas\u00e1g l\u00e9trehoz\u00e1sa Cehorsz\u00e1gban[:]","keywords":null,"keyphrases":null,"primary_term":null,"canonical_url":null,"og_title":null,"og_description":null,"og_object_type":"default","og_image_type":"default","og_image_url":null,"og_image_width":null,"og_image_height":null,"og_image_custom_url":null,"og_image_custom_fields":null,"og_video":null,"og_custom_url":null,"og_article_section":null,"og_article_tags":null,"twitter_use_og":false,"twitter_card":"default","twitter_image_type":"default","twitter_image_url":null,"twitter_image_custom_url":null,"twitter_image_custom_fields":null,"twitter_title":null,"twitter_description":null,"schema":{"blockGraphs":[],"customGraphs":[],"default":{"data":{"Article":[],"Course":[],"Dataset":[],"FAQPage":[],"Movie":[],"Person":[],"Product":[],"ProductReview":[],"Car":[],"Recipe":[],"Service":[],"SoftwareApplication":[],"WebPage":[]},"graphName":"","isEnabled":true},"graphs":[]},"schema_type":null,"schema_type_options":null,"pillar_content":false,"robots_default":true,"robots_noindex":false,"robots_noarchive":false,"robots_nosnippet":false,"robots_nofollow":false,"robots_noimageindex":false,"robots_noodp":false,"robots_notranslate":false,"robots_max_snippet":null,"robots_max_videopreview":null,"robots_max_imagepreview":"large","priority":null,"frequency":null,"local_seo":null,"breadcrumb_settings":null,"limit_modified_date":false,"ai":null,"created":"2020-12-21 10:31:39","updated":"2025-06-09 12:05:03","seo_analyzer_scan_date":null},"aioseo_breadcrumb":"<div class=\"aioseo-breadcrumbs\"><span class=\"aioseo-breadcrumb\">\n\t\t\t<a href=\"https:\/\/www.fontionnel.sk\/hu\" title=\"Home\">Home<\/a>\n\t\t<\/span><span class=\"aioseo-breadcrumb-separator\">&raquo;<\/span><span class=\"aioseo-breadcrumb\">\n\t\t\t(Slovak) Zalo\u017eenie a.s. v \u010ceskej republike\n\t\t<\/span><\/div>","aioseo_breadcrumb_json":[{"label":"Home","link":"https:\/\/www.fontionnel.sk\/hu"},{"label":"(Slovak) Zalo\u017eenie a.s. v \u010ceskej republike","link":"https:\/\/www.fontionnel.sk\/hu\/slovak-zalozenie-a-s-v-ceskej-republike\/"}],"_links":{"self":[{"href":"https:\/\/www.fontionnel.sk\/hu\/wp-json\/wp\/v2\/pages\/6891","targetHints":{"allow":["GET"]}}],"collection":[{"href":"https:\/\/www.fontionnel.sk\/hu\/wp-json\/wp\/v2\/pages"}],"about":[{"href":"https:\/\/www.fontionnel.sk\/hu\/wp-json\/wp\/v2\/types\/page"}],"author":[{"embeddable":true,"href":"https:\/\/www.fontionnel.sk\/hu\/wp-json\/wp\/v2\/users\/2"}],"replies":[{"embeddable":true,"href":"https:\/\/www.fontionnel.sk\/hu\/wp-json\/wp\/v2\/comments?post=6891"}],"version-history":[{"count":1,"href":"https:\/\/www.fontionnel.sk\/hu\/wp-json\/wp\/v2\/pages\/6891\/revisions"}],"predecessor-version":[{"id":6892,"href":"https:\/\/www.fontionnel.sk\/hu\/wp-json\/wp\/v2\/pages\/6891\/revisions\/6892"}],"wp:attachment":[{"href":"https:\/\/www.fontionnel.sk\/hu\/wp-json\/wp\/v2\/media?parent=6891"}],"curies":[{"name":"wp","href":"https:\/\/api.w.org\/{rel}","templated":true}]}}

(Slovak) Založenie a.s. v Českej republike

<p class="qtranxs-available-languages-message qtranxs-available-languages-message-hu">Sajnos ennek a bejegyzésnek csak <a href="https://www.fontionnel.sk/sk/wp-json/wp/v2/pages/6891" class="qtranxs-available-language-link qtranxs-available-language-link-sk" title="Slovak">Slovak</a> és <a href="https://www.fontionnel.sk/cz/wp-json/wp/v2/pages/6891" class="qtranxs-available-language-link qtranxs-available-language-link-cz" title="Czech">Czech</a> nyelvű változata van.</p>

<p>Sajnos ennek a bejegyzésnek csak Slovak és Czech nyelvű változata van.</p>

<!-- All in One SEO 4.9.10 - aioseo.com -->
	<meta name="description" content="Kulcsrakész részvénytársaság létrehozása Cehországban" />
	<meta name="robots" content="max-image-preview:large" />
	<link rel="canonical" href="https://www.fontionnel.sk/hu/slovak-zalozenie-a-s-v-ceskej-republike/" />
	<meta name="generator" content="All in One SEO (AIOSEO) 4.9.10" />
		<meta property="og:locale" content="hu_HU" />
		<meta property="og:site_name" content="FONTIONNEL | Obchodné spoločnosti | Účtovníctvo | Poistenie" />
		<meta property="og:type" content="article" />
		<meta property="og:title" content="Cégalapítás (a.s.) Csehországban | FONTIONNEL" />
		<meta property="og:description" content="Kulcsrakész részvénytársaság létrehozása Cehországban" />
		<meta property="og:url" content="https://www.fontionnel.sk/hu/slovak-zalozenie-a-s-v-ceskej-republike/" />
		<meta property="article:published_time" content="2015-11-25T16:55:13+00:00" />
		<meta property="article:modified_time" content="2017-02-14T09:50:02+00:00" />
		<meta name="twitter:card" content="summary" />
		<meta name="twitter:title" content="Cégalapítás (a.s.) Csehországban | FONTIONNEL" />
		<meta name="twitter:description" content="Kulcsrakész részvénytársaság létrehozása Cehországban" />
		<script type="application/ld+json" class="aioseo-schema">
			{"@context":"https:\/\/schema.org","@graph":[{"@type":"BreadcrumbList","@id":"https:\/\/www.fontionnel.sk\/hu\/slovak-zalozenie-a-s-v-ceskej-republike\/#breadcrumblist","itemListElement":[{"@type":"ListItem","@id":"https:\/\/www.fontionnel.sk\/hu#listItem","position":1,"name":"Home","item":"https:\/\/www.fontionnel.sk\/hu","nextItem":{"@type":"ListItem","@id":"https:\/\/www.fontionnel.sk\/hu\/slovak-zalozenie-a-s-v-ceskej-republike\/#listItem","name":"(Slovak) Zalo\u017eenie a.s. v \u010ceskej republike"}},{"@type":"ListItem","@id":"https:\/\/www.fontionnel.sk\/hu\/slovak-zalozenie-a-s-v-ceskej-republike\/#listItem","position":2,"name":"(Slovak) Zalo\u017eenie a.s. v \u010ceskej republike","previousItem":{"@type":"ListItem","@id":"https:\/\/www.fontionnel.sk\/hu#listItem","name":"Home"}}]},{"@type":"Organization","@id":"https:\/\/www.fontionnel.sk\/hu\/#organization","name":"FONTIONNEL","description":"Obchodn\u00e9 spolo\u010dnosti | \u00da\u010dtovn\u00edctvo | Poistenie","url":"https:\/\/www.fontionnel.sk\/hu\/"},{"@type":"WebPage","@id":"https:\/\/www.fontionnel.sk\/hu\/slovak-zalozenie-a-s-v-ceskej-republike\/#webpage","url":"https:\/\/www.fontionnel.sk\/hu\/slovak-zalozenie-a-s-v-ceskej-republike\/","name":"C\u00e9galap\u00edt\u00e1s (a.s.) Csehorsz\u00e1gban | FONTIONNEL","description":"Kulcsrak\u00e9sz r\u00e9szv\u00e9nyt\u00e1rsas\u00e1g l\u00e9trehoz\u00e1sa Cehorsz\u00e1gban","inLanguage":"hu-HU","isPartOf":{"@id":"https:\/\/www.fontionnel.sk\/hu\/#website"},"breadcrumb":{"@id":"https:\/\/www.fontionnel.sk\/hu\/slovak-zalozenie-a-s-v-ceskej-republike\/#breadcrumblist"},"image":{"@type":"ImageObject","url":"https:\/\/www.fontionnel.sk\/wp-content\/uploads\/2011\/07\/zalozenie-as.png","@id":"https:\/\/www.fontionnel.sk\/hu\/slovak-zalozenie-a-s-v-ceskej-republike\/#mainImage","width":280,"height":404},"primaryImageOfPage":{"@id":"https:\/\/www.fontionnel.sk\/hu\/slovak-zalozenie-a-s-v-ceskej-republike\/#mainImage"},"datePublished":"2015-11-25T18:55:13+02:00","dateModified":"2017-02-14T11:50:02+02:00"},{"@type":"WebSite","@id":"https:\/\/www.fontionnel.sk\/hu\/#website","url":"https:\/\/www.fontionnel.sk\/hu\/","name":"FONTIONNEL","description":"Obchodn\u00e9 spolo\u010dnosti | \u00da\u010dtovn\u00edctvo | Poistenie","inLanguage":"hu-HU","publisher":{"@id":"https:\/\/www.fontionnel.sk\/hu\/#organization"}}]}
		</script>
		<!-- All in One SEO -->

Cégalapítás (a.s.) Csehországban | FONTIONNEL

Kulcsrakész részvénytársaság létrehozása Cehországban

Obchodné spoločnosti | Účtovníctvo | Poistenie

FONTIONNEL | Obchodné spoločnosti | Účtovníctvo | Poistenie

[:sk]Založenie a.s. v Českej republike[:cz]Založení a.s. v České republice[:hu]Cégalapítás (a.s.) Csehországban[:] | #site_title

[:sk]Podnikanie v ČR má viacero výhod. Poradíme vám ako založiť akciovú spoločnosť bez námahy.[:cz]Zakládáni akciové společnosti na klíč v rámci celé ČR.[:hu]Kulcsrakész  részvénytársaság létrehozása Cehországban[:]

<div class="aioseo-breadcrumbs"><span class="aioseo-breadcrumb">
			<a href="https://www.fontionnel.sk/hu" title="Home">Home</a>
		</span><span class="aioseo-breadcrumb-separator">&raquo;</span><span class="aioseo-breadcrumb">
			(Slovak) Založenie a.s. v Českej republike
		</span></div>
